{"id":861,"date":"2023-10-30T09:22:41","date_gmt":"2023-10-30T09:22:41","guid":{"rendered":"https:\/\/jacquelineoyex.ch\/catalogue\/?post_type=product&#038;p=861"},"modified":"2023-10-30T09:22:41","modified_gmt":"2023-10-30T09:22:41","slug":"carafe-et-fruits-dans-un-plat-5-fevrier-1953","status":"publish","type":"product","link":"https:\/\/jacquelineoyex.ch\/catalogue\/index.php\/produit\/carafe-et-fruits-dans-un-plat-5-fevrier-1953\/","title":{"rendered":"Carafe et fruits dans un plat, 5 f\u00e9vrier 1953"},"content":{"rendered":"<p>Carafe et fruits dans un plat, 5 f\u00e9vrier 1953, huile sur carton, 40&#215;54,5, sign\u00e9 et<br \/>\ndat\u00e9 en bas \u00e0 gauche, DSC00783.JPG<\/p>\n","protected":false},"excerpt":{"rendered":"<p>Carafe et fruits dans un plat, 5 f\u00e9vrier 1953, huile sur carton, 40&#215;54,5, sign\u00e9 et dat\u00e9 en bas \u00e0 gauche, DSC00783.JPG<\/p>\n","protected":false},"featured_media":862,"template":"","meta":[],"product_brand":[],"product_cat":[27],"product_tag":[42],"class_list":["post-861","product","type-product","status-publish","has-post-thumbnail","product_cat-ecoledesbeauxarts","product_tag-image-haute-resolution","entry","first","instock","shipping-taxable","product-type-simple"],"yoast_head":"<!-- This site is optimized with the Yoast SEO plugin v28.2 - https:\/\/yoast.com\/product\/yoast-seo-wordpress\/ -->\n<title>Carafe et fruits dans un plat, 5 f\u00e9vrier 1953 - Jacqueline Oyex - catalogue peintures<\/title>\n<meta name=\"robots\" content=\"noindex, follow, max-snippet:-1, max-image-preview:large, max-video-preview:-1\" \/>\n<meta property=\"og:locale\" content=\"fr_FR\" \/>\n<meta property=\"og:type\" content=\"article\" \/>\n<meta property=\"og:title\" content=\"Carafe et fruits dans un plat, 5 f\u00e9vrier 1953 - Jacqueline Oyex - catalogue peintures\" \/>\n<meta property=\"og:description\" content=\"Carafe et fruits dans un plat, 5 f\u00e9vrier 1953, huile sur carton, 40&#215;54,5, sign\u00e9 et dat\u00e9 en bas \u00e0 gauche, DSC00783.JPG\" \/>\n<meta property=\"og:url\" content=\"https:\/\/jacquelineoyex.ch\/catalogue\/index.php\/produit\/carafe-et-fruits-dans-un-plat-5-fevrier-1953\/\" \/>\n<meta property=\"og:site_name\" content=\"Jacqueline Oyex - catalogue peintures\" \/>\n<meta property=\"og:image\" content=\"https:\/\/jacquelineoyex.ch\/catalogue\/wp-content\/uploads\/2023\/10\/DSC00783-1-1024x779.jpg\" \/>\n\t<meta property=\"og:image:width\" content=\"1024\" \/>\n\t<meta property=\"og:image:height\" content=\"779\" \/>\n\t<meta property=\"og:image:type\" content=\"image\/jpeg\" \/>\n<meta name=\"twitter:card\" content=\"summary_large_image\" \/>\n<script type=\"application\/ld+json\" class=\"yoast-schema-graph\">{\"@context\":\"https:\\\/\\\/schema.org\",\"@graph\":[{\"@type\":\"WebPage\",\"@id\":\"https:\\\/\\\/jacquelineoyex.ch\\\/catalogue\\\/index.php\\\/produit\\\/carafe-et-fruits-dans-un-plat-5-fevrier-1953\\\/\",\"url\":\"https:\\\/\\\/jacquelineoyex.ch\\\/catalogue\\\/index.php\\\/produit\\\/carafe-et-fruits-dans-un-plat-5-fevrier-1953\\\/\",\"name\":\"Carafe et fruits dans un plat, 5 f\u00e9vrier 1953 - Jacqueline Oyex - catalogue peintures\",\"isPartOf\":{\"@id\":\"https:\\\/\\\/jacquelineoyex.ch\\\/catalogue\\\/#website\"},\"primaryImageOfPage\":{\"@id\":\"https:\\\/\\\/jacquelineoyex.ch\\\/catalogue\\\/index.php\\\/produit\\\/carafe-et-fruits-dans-un-plat-5-fevrier-1953\\\/#primaryimage\"},\"image\":{\"@id\":\"https:\\\/\\\/jacquelineoyex.ch\\\/catalogue\\\/index.php\\\/produit\\\/carafe-et-fruits-dans-un-plat-5-fevrier-1953\\\/#primaryimage\"},\"thumbnailUrl\":\"https:\\\/\\\/jacquelineoyex.ch\\\/catalogue\\\/wp-content\\\/uploads\\\/2023\\\/10\\\/DSC00783-1.jpg\",\"datePublished\":\"2023-10-30T09:22:41+00:00\",\"breadcrumb\":{\"@id\":\"https:\\\/\\\/jacquelineoyex.ch\\\/catalogue\\\/index.php\\\/produit\\\/carafe-et-fruits-dans-un-plat-5-fevrier-1953\\\/#breadcrumb\"},\"inLanguage\":\"fr-FR\",\"potentialAction\":[{\"@type\":\"ReadAction\",\"target\":[\"https:\\\/\\\/jacquelineoyex.ch\\\/catalogue\\\/index.php\\\/produit\\\/carafe-et-fruits-dans-un-plat-5-fevrier-1953\\\/\"]}]},{\"@type\":\"ImageObject\",\"inLanguage\":\"fr-FR\",\"@id\":\"https:\\\/\\\/jacquelineoyex.ch\\\/catalogue\\\/index.php\\\/produit\\\/carafe-et-fruits-dans-un-plat-5-fevrier-1953\\\/#primaryimage\",\"url\":\"https:\\\/\\\/jacquelineoyex.ch\\\/catalogue\\\/wp-content\\\/uploads\\\/2023\\\/10\\\/DSC00783-1.jpg\",\"contentUrl\":\"https:\\\/\\\/jacquelineoyex.ch\\\/catalogue\\\/wp-content\\\/uploads\\\/2023\\\/10\\\/DSC00783-1.jpg\",\"width\":2518,\"height\":1915},{\"@type\":\"BreadcrumbList\",\"@id\":\"https:\\\/\\\/jacquelineoyex.ch\\\/catalogue\\\/index.php\\\/produit\\\/carafe-et-fruits-dans-un-plat-5-fevrier-1953\\\/#breadcrumb\",\"itemListElement\":[{\"@type\":\"ListItem\",\"position\":1,\"name\":\"Accueil\",\"item\":\"https:\\\/\\\/jacquelineoyex.ch\\\/catalogue\\\/\"},{\"@type\":\"ListItem\",\"position\":2,\"name\":\"Produits\",\"item\":\"https:\\\/\\\/jacquelineoyex.ch\\\/catalogue\\\/index.php\\\/oeuvresjeunesse__trashed\\\/\"},{\"@type\":\"ListItem\",\"position\":3,\"name\":\"Carafe et fruits dans un plat, 5 f\u00e9vrier 1953\"}]},{\"@type\":\"WebSite\",\"@id\":\"https:\\\/\\\/jacquelineoyex.ch\\\/catalogue\\\/#website\",\"url\":\"https:\\\/\\\/jacquelineoyex.ch\\\/catalogue\\\/\",\"name\":\"Jacqueline Oyex - catalogue peintures\",\"description\":\"Catalogue des peintures\",\"potentialAction\":[{\"@type\":\"SearchAction\",\"target\":{\"@type\":\"EntryPoint\",\"urlTemplate\":\"https:\\\/\\\/jacquelineoyex.ch\\\/catalogue\\\/?s={search_term_string}\"},\"query-input\":{\"@type\":\"PropertyValueSpecification\",\"valueRequired\":true,\"valueName\":\"search_term_string\"}}],\"inLanguage\":\"fr-FR\"}]}<\/script>\n<!-- \/ Yoast SEO plugin. -->","yoast_head_json":{"title":"Carafe et fruits dans un plat, 5 f\u00e9vrier 1953 - Jacqueline Oyex - catalogue peintures","robots":{"index":"noindex","follow":"follow","max-snippet":"max-snippet:-1","max-image-preview":"max-image-preview:large","max-video-preview":"max-video-preview:-1"},"og_locale":"fr_FR","og_type":"article","og_title":"Carafe et fruits dans un plat, 5 f\u00e9vrier 1953 - Jacqueline Oyex - catalogue peintures","og_description":"Carafe et fruits dans un plat, 5 f\u00e9vrier 1953, huile sur carton, 40&#215;54,5, sign\u00e9 et dat\u00e9 en bas \u00e0 gauche, DSC00783.JPG","og_url":"https:\/\/jacquelineoyex.ch\/catalogue\/index.php\/produit\/carafe-et-fruits-dans-un-plat-5-fevrier-1953\/","og_site_name":"Jacqueline Oyex - catalogue peintures","og_image":[{"width":1024,"height":779,"url":"https:\/\/jacquelineoyex.ch\/catalogue\/wp-content\/uploads\/2023\/10\/DSC00783-1-1024x779.jpg","type":"image\/jpeg"}],"twitter_card":"summary_large_image","schema":{"@context":"https:\/\/schema.org","@graph":[{"@type":"WebPage","@id":"https:\/\/jacquelineoyex.ch\/catalogue\/index.php\/produit\/carafe-et-fruits-dans-un-plat-5-fevrier-1953\/","url":"https:\/\/jacquelineoyex.ch\/catalogue\/index.php\/produit\/carafe-et-fruits-dans-un-plat-5-fevrier-1953\/","name":"Carafe et fruits dans un plat, 5 f\u00e9vrier 1953 - Jacqueline Oyex - catalogue peintures","isPartOf":{"@id":"https:\/\/jacquelineoyex.ch\/catalogue\/#website"},"primaryImageOfPage":{"@id":"https:\/\/jacquelineoyex.ch\/catalogue\/index.php\/produit\/carafe-et-fruits-dans-un-plat-5-fevrier-1953\/#primaryimage"},"image":{"@id":"https:\/\/jacquelineoyex.ch\/catalogue\/index.php\/produit\/carafe-et-fruits-dans-un-plat-5-fevrier-1953\/#primaryimage"},"thumbnailUrl":"https:\/\/jacquelineoyex.ch\/catalogue\/wp-content\/uploads\/2023\/10\/DSC00783-1.jpg","datePublished":"2023-10-30T09:22:41+00:00","breadcrumb":{"@id":"https:\/\/jacquelineoyex.ch\/catalogue\/index.php\/produit\/carafe-et-fruits-dans-un-plat-5-fevrier-1953\/#breadcrumb"},"inLanguage":"fr-FR","potentialAction":[{"@type":"ReadAction","target":["https:\/\/jacquelineoyex.ch\/catalogue\/index.php\/produit\/carafe-et-fruits-dans-un-plat-5-fevrier-1953\/"]}]},{"@type":"ImageObject","inLanguage":"fr-FR","@id":"https:\/\/jacquelineoyex.ch\/catalogue\/index.php\/produit\/carafe-et-fruits-dans-un-plat-5-fevrier-1953\/#primaryimage","url":"https:\/\/jacquelineoyex.ch\/catalogue\/wp-content\/uploads\/2023\/10\/DSC00783-1.jpg","contentUrl":"https:\/\/jacquelineoyex.ch\/catalogue\/wp-content\/uploads\/2023\/10\/DSC00783-1.jpg","width":2518,"height":1915},{"@type":"BreadcrumbList","@id":"https:\/\/jacquelineoyex.ch\/catalogue\/index.php\/produit\/carafe-et-fruits-dans-un-plat-5-fevrier-1953\/#breadcrumb","itemListElement":[{"@type":"ListItem","position":1,"name":"Accueil","item":"https:\/\/jacquelineoyex.ch\/catalogue\/"},{"@type":"ListItem","position":2,"name":"Produits","item":"https:\/\/jacquelineoyex.ch\/catalogue\/index.php\/oeuvresjeunesse__trashed\/"},{"@type":"ListItem","position":3,"name":"Carafe et fruits dans un plat, 5 f\u00e9vrier 1953"}]},{"@type":"WebSite","@id":"https:\/\/jacquelineoyex.ch\/catalogue\/#website","url":"https:\/\/jacquelineoyex.ch\/catalogue\/","name":"Jacqueline Oyex - catalogue peintures","description":"Catalogue des peintures","potentialAction":[{"@type":"SearchAction","target":{"@type":"EntryPoint","urlTemplate":"https:\/\/jacquelineoyex.ch\/catalogue\/?s={search_term_string}"},"query-input":{"@type":"PropertyValueSpecification","valueRequired":true,"valueName":"search_term_string"}}],"inLanguage":"fr-FR"}]}},"_links":{"self":[{"href":"https:\/\/jacquelineoyex.ch\/catalogue\/index.php\/wp-json\/wp\/v2\/product\/861","targetHints":{"allow":["GET"]}}],"collection":[{"href":"https:\/\/jacquelineoyex.ch\/catalogue\/index.php\/wp-json\/wp\/v2\/product"}],"about":[{"href":"https:\/\/jacquelineoyex.ch\/catalogue\/index.php\/wp-json\/wp\/v2\/types\/product"}],"wp:featuredmedia":[{"embeddable":true,"href":"https:\/\/jacquelineoyex.ch\/catalogue\/index.php\/wp-json\/wp\/v2\/media\/862"}],"wp:attachment":[{"href":"https:\/\/jacquelineoyex.ch\/catalogue\/index.php\/wp-json\/wp\/v2\/media?parent=861"}],"wp:term":[{"taxonomy":"product_brand","embeddable":true,"href":"https:\/\/jacquelineoyex.ch\/catalogue\/index.php\/wp-json\/wp\/v2\/product_brand?post=861"},{"taxonomy":"product_cat","embeddable":true,"href":"https:\/\/jacquelineoyex.ch\/catalogue\/index.php\/wp-json\/wp\/v2\/product_cat?post=861"},{"taxonomy":"product_tag","embeddable":true,"href":"https:\/\/jacquelineoyex.ch\/catalogue\/index.php\/wp-json\/wp\/v2\/product_tag?post=861"}],"curies":[{"name":"wp","href":"https:\/\/api.w.org\/{rel}","templated":true}]}}

Carafe et fruits dans un plat, 5 février 1953

<p>Carafe et fruits dans un plat, 5 février 1953, huile sur carton, 40&#215;54,5, signé et<br />
daté en bas à gauche, DSC00783.JPG</p>

<p>Carafe et fruits dans un plat, 5 février 1953, huile sur carton, 40&#215;54,5, signé et daté en bas à gauche, DSC00783.JPG</p>

<!-- This site is optimized with the Yoast SEO plugin v28.2 - https://yoast.com/product/yoast-seo-wordpress/ -->
<title>Carafe et fruits dans un plat, 5 février 1953 - Jacqueline Oyex - catalogue peintures</title>
<meta name="robots" content="noindex, follow, max-snippet:-1, max-image-preview:large, max-video-preview:-1" />
<meta property="og:locale" content="fr_FR" />
<meta property="og:type" content="article" />
<meta property="og:title" content="Carafe et fruits dans un plat, 5 février 1953 - Jacqueline Oyex - catalogue peintures" />
<meta property="og:description" content="Carafe et fruits dans un plat, 5 février 1953, huile sur carton, 40&#215;54,5, signé et daté en bas à gauche, DSC00783.JPG" />
<meta property="og:url" content="https://jacquelineoyex.ch/catalogue/index.php/produit/carafe-et-fruits-dans-un-plat-5-fevrier-1953/" />
<meta property="og:site_name" content="Jacqueline Oyex - catalogue peintures" />
<meta property="og:image" content="https://jacquelineoyex.ch/catalogue/wp-content/uploads/2023/10/DSC00783-1-1024x779.jpg" />
	<meta property="og:image:width" content="1024" />
	<meta property="og:image:height" content="779" />
	<meta property="og:image:type" content="image/jpeg" />
<meta name="twitter:card" content="summary_large_image" />
<script type="application/ld+json" class="yoast-schema-graph">{"@context":"https:\/\/schema.org","@graph":[{"@type":"WebPage","@id":"https:\/\/jacquelineoyex.ch\/catalogue\/index.php\/produit\/carafe-et-fruits-dans-un-plat-5-fevrier-1953\/","url":"https:\/\/jacquelineoyex.ch\/catalogue\/index.php\/produit\/carafe-et-fruits-dans-un-plat-5-fevrier-1953\/","name":"Carafe et fruits dans un plat, 5 février 1953 - Jacqueline Oyex - catalogue peintures","isPartOf":{"@id":"https:\/\/jacquelineoyex.ch\/catalogue\/#website"},"primaryImageOfPage":{"@id":"https:\/\/jacquelineoyex.ch\/catalogue\/index.php\/produit\/carafe-et-fruits-dans-un-plat-5-fevrier-1953\/#primaryimage"},"image":{"@id":"https:\/\/jacquelineoyex.ch\/catalogue\/index.php\/produit\/carafe-et-fruits-dans-un-plat-5-fevrier-1953\/#primaryimage"},"thumbnailUrl":"https:\/\/jacquelineoyex.ch\/catalogue\/wp-content\/uploads\/2023\/10\/DSC00783-1.jpg","datePublished":"2023-10-30T09:22:41+00:00","breadcrumb":{"@id":"https:\/\/jacquelineoyex.ch\/catalogue\/index.php\/produit\/carafe-et-fruits-dans-un-plat-5-fevrier-1953\/#breadcrumb"},"inLanguage":"fr-FR","potentialAction":[{"@type":"ReadAction","target":["https:\/\/jacquelineoyex.ch\/catalogue\/index.php\/produit\/carafe-et-fruits-dans-un-plat-5-fevrier-1953\/"]}]},{"@type":"ImageObject","inLanguage":"fr-FR","@id":"https:\/\/jacquelineoyex.ch\/catalogue\/index.php\/produit\/carafe-et-fruits-dans-un-plat-5-fevrier-1953\/#primaryimage","url":"https:\/\/jacquelineoyex.ch\/catalogue\/wp-content\/uploads\/2023\/10\/DSC00783-1.jpg","contentUrl":"https:\/\/jacquelineoyex.ch\/catalogue\/wp-content\/uploads\/2023\/10\/DSC00783-1.jpg","width":2518,"height":1915},{"@type":"BreadcrumbList","@id":"https:\/\/jacquelineoyex.ch\/catalogue\/index.php\/produit\/carafe-et-fruits-dans-un-plat-5-fevrier-1953\/#breadcrumb","itemListElement":[{"@type":"ListItem","position":1,"name":"Accueil","item":"https:\/\/jacquelineoyex.ch\/catalogue\/"},{"@type":"ListItem","position":2,"name":"Produits","item":"https:\/\/jacquelineoyex.ch\/catalogue\/index.php\/oeuvresjeunesse__trashed\/"},{"@type":"ListItem","position":3,"name":"Carafe et fruits dans un plat, 5 février 1953"}]},{"@type":"WebSite","@id":"https:\/\/jacquelineoyex.ch\/catalogue\/#website","url":"https:\/\/jacquelineoyex.ch\/catalogue\/","name":"Jacqueline Oyex - catalogue peintures","description":"Catalogue des peintures","potentialAction":[{"@type":"SearchAction","target":{"@type":"EntryPoint","urlTemplate":"https:\/\/jacquelineoyex.ch\/catalogue\/?s={search_term_string}"},"query-input":{"@type":"PropertyValueSpecification","valueRequired":true,"valueName":"search_term_string"}}],"inLanguage":"fr-FR"}]}</script>
<!-- / Yoast SEO plugin. -->

Carafe et fruits dans un plat, 5 février 1953 - Jacqueline Oyex - catalogue peintures

Carafe et fruits dans un plat, 5 février 1953, huile sur carton, 40&#215;54,5, signé et daté en bas à gauche, DSC00783.JPG
