{"id":109,"date":"2023-03-13T12:21:57","date_gmt":"2023-03-13T12:21:57","guid":{"rendered":"https:\/\/jacquelineoyex.ch\/catalogue\/index.php\/front_page\/"},"modified":"2023-11-06T15:29:35","modified_gmt":"2023-11-06T15:29:35","slug":"front_page","status":"publish","type":"page","link":"https:\/\/jacquelineoyex.ch\/catalogue\/","title":{"rendered":"Sans titre"},"content":{"rendered":"\n<p class=\"wp-block-paragraph\"> <\/p>\n\n\n\n<div class=\"wp-block-group is-style-default\"><div class=\"wp-block-group__inner-container is-layout-constrained wp-block-group-is-layout-constrained\">\n<p class=\"has-text-align-center wp-block-paragraph\">De la Fondation Jacqueline Oyex \u00e0 Lausanne<\/p>\n\n\n\n<p class=\"has-text-align-center wp-block-paragraph\">r\u00e9alis\u00e9 en 2009 par Michel Th\u00e9voz<\/p>\n\n\n\n<p class=\"has-text-align-center has-large-font-size wp-block-paragraph\"><strong>Avertissement<\/strong> <\/p>\n<\/div><\/div>\n\n\n\n<p class=\"has-text-align-left wp-block-paragraph\"><strong>Recensement<\/strong> :  Les peintures ici recens\u00e9es appartiennent \u00e0 la Fondation Jacqueline Oyex. Il s&rsquo;agit de la totalit\u00e9 des peintures ant\u00e9rieures \u00e0 1982. Quant aux oeuvres post\u00e9rieures, qui sont au nombre de 150 environ, elles sont ex\u00e9cut\u00e9es au crayon ou au stylobille sur la toile, et ressortissent au dessin plut\u00f4t qu&rsquo;\u00e0 la peinture. Pour ces raisons, elles n&rsquo;ont pas \u00e9t\u00e9 recens\u00e9es, sauf une vingtaine, jug\u00e9es significatives de cet \u00e9vanouissement figuratif. <\/p>\n\n\n\n<p class=\"has-text-align-left wp-block-paragraph\"><strong>Titres <\/strong>: l&rsquo;artiste n&rsquo;a que tr\u00e8s exceptionnellement donn\u00e9 des titres \u00e0 ses \u0153uvres, le cas \u00e9ch\u00e9ant, ils sont donn\u00e9es entre guillemets. Pour toutes les autres toiles, on a attribu\u00e9 des titres de caract\u00e8re descriptif.<\/p>\n\n\n\n<p class=\"wp-block-paragraph\"><strong>Datation :<\/strong> les \u0153uvres ont \u00e9t\u00e9 class\u00e9es dans l&rsquo;ordre chronologique. Beaucoup avaient \u00e9t\u00e9 dat\u00e9es par l&rsquo;artiste. Les autres ont \u00e9t\u00e9 dat\u00e9es par comparaison stylistique, iconographique ou technique, et sont pr\u00e9c\u00e9d\u00e9es de la pr\u00e9position \u00ab\u00a0vers&#8230;\u00a0\u00bb, soit une fourchette de deux ou trois ans.<\/p>\n\n\n\n<p class=\"wp-block-paragraph\"><strong>Num\u00e9rotation : <\/strong>le pr\u00e9sent catalogue, qui se limite aux 286 \u0153uvres qui appartiennent \u00e0 la Fondation, n&rsquo;est pas num\u00e9rot\u00e9. Une num\u00e9rotation ne sera attribu\u00e9e qu&rsquo;apr\u00e8s l&rsquo;int\u00e9gration des peintures, en nombre restreint, appartenant \u00e0 des mus\u00e9es ou \u00e0 des personnes priv\u00e9es.<\/p>\n\n\n\n<p class=\"has-text-align-center wp-block-paragraph\"><img loading=\"lazy\" decoding=\"async\" width=\"350\" height=\"406\" class=\"wp-image-34\" style=\"width: 350px;\" src=\"https:\/\/jacquelineoyex.ch\/catalogue\/wp-content\/uploads\/2023\/03\/DSC01750.jpg\" alt=\"\" srcset=\"https:\/\/jacquelineoyex.ch\/catalogue\/wp-content\/uploads\/2023\/03\/DSC01750.jpg 2200w, https:\/\/jacquelineoyex.ch\/catalogue\/wp-content\/uploads\/2023\/03\/DSC01750-600x695.jpg 600w\" sizes=\"auto, (max-width: 350px) 100vw, 350px\" \/><\/p>\n","protected":false},"excerpt":{"rendered":"<p>De la Fondation Jacqueline Oyex \u00e0 Lausanne r\u00e9alis\u00e9 en 2009 par Michel Th\u00e9voz Avertissement Recensement : Les peintures ici recens\u00e9es appartiennent \u00e0 la Fondation Jacqueline Oyex. Il s&rsquo;agit de la totalit\u00e9 des peintures ant\u00e9rieures \u00e0 1982. Quant aux oeuvres post\u00e9rieures, qui sont au nombre de 150 environ, elles sont ex\u00e9cut\u00e9es au crayon ou au stylobille&hellip; <a class=\"more-link\" href=\"https:\/\/jacquelineoyex.ch\/catalogue\/\">Poursuivre la lecture <span class=\"screen-reader-text\">Sans titre<\/span><\/a><\/p>\n","protected":false},"author":1,"featured_media":0,"parent":0,"menu_order":0,"comment_status":"closed","ping_status":"closed","template":"","meta":{"footnotes":""},"class_list":["post-109","page","type-page","status-publish","hentry","entry"],"yoast_head":"<!-- This site is optimized with the Yoast SEO plugin v28.2 - https:\/\/yoast.com\/product\/yoast-seo-wordpress\/ -->\n<title>- Jacqueline Oyex - catalogue peintures<\/title>\n<meta name=\"robots\" content=\"noindex, follow, max-snippet:-1, max-image-preview:large, max-video-preview:-1\" \/>\n<meta property=\"og:locale\" content=\"fr_FR\" \/>\n<meta property=\"og:type\" content=\"article\" \/>\n<meta property=\"og:title\" content=\"- Jacqueline Oyex - catalogue peintures\" \/>\n<meta property=\"og:description\" content=\"De la Fondation Jacqueline Oyex \u00e0 Lausanne r\u00e9alis\u00e9 en 2009 par Michel Th\u00e9voz Avertissement Recensement : Les peintures ici recens\u00e9es appartiennent \u00e0 la Fondation Jacqueline Oyex. Il s&rsquo;agit de la totalit\u00e9 des peintures ant\u00e9rieures \u00e0 1982. Quant aux oeuvres post\u00e9rieures, qui sont au nombre de 150 environ, elles sont ex\u00e9cut\u00e9es au crayon ou au stylobille&hellip; Poursuivre la lecture Sans titre\" \/>\n<meta property=\"og:url\" content=\"https:\/\/jacquelineoyex.ch\/catalogue\/\" \/>\n<meta property=\"og:site_name\" content=\"Jacqueline Oyex - catalogue peintures\" \/>\n<meta property=\"article:modified_time\" content=\"2023-11-06T15:29:35+00:00\" \/>\n<meta property=\"og:image\" content=\"https:\/\/jacquelineoyex.ch\/catalogue\/wp-content\/uploads\/2023\/03\/DSC01750.jpg\" \/>\n<meta name=\"twitter:card\" content=\"summary_large_image\" \/>\n<meta name=\"twitter:label1\" content=\"Dur\u00e9e de lecture estim\u00e9e\" \/>\n\t<meta name=\"twitter:data1\" content=\"2 minutes\" \/>\n<script type=\"application\/ld+json\" class=\"yoast-schema-graph\">{\"@context\":\"https:\\\/\\\/schema.org\",\"@graph\":[{\"@type\":\"WebPage\",\"@id\":\"https:\\\/\\\/jacquelineoyex.ch\\\/catalogue\\\/\",\"url\":\"https:\\\/\\\/jacquelineoyex.ch\\\/catalogue\\\/\",\"name\":\"- Jacqueline Oyex - catalogue peintures\",\"isPartOf\":{\"@id\":\"https:\\\/\\\/jacquelineoyex.ch\\\/catalogue\\\/#website\"},\"primaryImageOfPage\":{\"@id\":\"https:\\\/\\\/jacquelineoyex.ch\\\/catalogue\\\/#primaryimage\"},\"image\":{\"@id\":\"https:\\\/\\\/jacquelineoyex.ch\\\/catalogue\\\/#primaryimage\"},\"thumbnailUrl\":\"https:\\\/\\\/jacquelineoyex.ch\\\/catalogue\\\/wp-content\\\/uploads\\\/2023\\\/03\\\/DSC01750.jpg\",\"datePublished\":\"2023-03-13T12:21:57+00:00\",\"dateModified\":\"2023-11-06T15:29:35+00:00\",\"breadcrumb\":{\"@id\":\"https:\\\/\\\/jacquelineoyex.ch\\\/catalogue\\\/#breadcrumb\"},\"inLanguage\":\"fr-FR\",\"potentialAction\":[{\"@type\":\"ReadAction\",\"target\":[\"https:\\\/\\\/jacquelineoyex.ch\\\/catalogue\\\/\"]}]},{\"@type\":\"ImageObject\",\"inLanguage\":\"fr-FR\",\"@id\":\"https:\\\/\\\/jacquelineoyex.ch\\\/catalogue\\\/#primaryimage\",\"url\":\"https:\\\/\\\/jacquelineoyex.ch\\\/catalogue\\\/wp-content\\\/uploads\\\/2023\\\/03\\\/DSC01750.jpg\",\"contentUrl\":\"https:\\\/\\\/jacquelineoyex.ch\\\/catalogue\\\/wp-content\\\/uploads\\\/2023\\\/03\\\/DSC01750.jpg\",\"width\":2200,\"height\":2549,\"caption\":\"371 verso: Buste de femme aux seins nus, 1968, eau-forte, 33,5x30,9cm, morsure posthume\"},{\"@type\":\"BreadcrumbList\",\"@id\":\"https:\\\/\\\/jacquelineoyex.ch\\\/catalogue\\\/#breadcrumb\",\"itemListElement\":[{\"@type\":\"ListItem\",\"position\":1,\"name\":\"Accueil\",\"item\":\"https:\\\/\\\/jacquelineoyex.ch\\\/catalogue\\\/\"},{\"@type\":\"ListItem\",\"position\":2,\"name\":\"Sans titre\"}]},{\"@type\":\"WebSite\",\"@id\":\"https:\\\/\\\/jacquelineoyex.ch\\\/catalogue\\\/#website\",\"url\":\"https:\\\/\\\/jacquelineoyex.ch\\\/catalogue\\\/\",\"name\":\"Jacqueline Oyex - catalogue peintures\",\"description\":\"Catalogue des peintures\",\"potentialAction\":[{\"@type\":\"SearchAction\",\"target\":{\"@type\":\"EntryPoint\",\"urlTemplate\":\"https:\\\/\\\/jacquelineoyex.ch\\\/catalogue\\\/?s={search_term_string}\"},\"query-input\":{\"@type\":\"PropertyValueSpecification\",\"valueRequired\":true,\"valueName\":\"search_term_string\"}}],\"inLanguage\":\"fr-FR\"}]}<\/script>\n<!-- \/ Yoast SEO plugin. -->","yoast_head_json":{"title":"- Jacqueline Oyex - catalogue peintures","robots":{"index":"noindex","follow":"follow","max-snippet":"max-snippet:-1","max-image-preview":"max-image-preview:large","max-video-preview":"max-video-preview:-1"},"og_locale":"fr_FR","og_type":"article","og_title":"- Jacqueline Oyex - catalogue peintures","og_description":"De la Fondation Jacqueline Oyex \u00e0 Lausanne r\u00e9alis\u00e9 en 2009 par Michel Th\u00e9voz Avertissement Recensement : Les peintures ici recens\u00e9es appartiennent \u00e0 la Fondation Jacqueline Oyex. Il s&rsquo;agit de la totalit\u00e9 des peintures ant\u00e9rieures \u00e0 1982. Quant aux oeuvres post\u00e9rieures, qui sont au nombre de 150 environ, elles sont ex\u00e9cut\u00e9es au crayon ou au stylobille&hellip; Poursuivre la lecture Sans titre","og_url":"https:\/\/jacquelineoyex.ch\/catalogue\/","og_site_name":"Jacqueline Oyex - catalogue peintures","article_modified_time":"2023-11-06T15:29:35+00:00","og_image":[{"url":"https:\/\/jacquelineoyex.ch\/catalogue\/wp-content\/uploads\/2023\/03\/DSC01750.jpg","type":"","width":"","height":""}],"twitter_card":"summary_large_image","twitter_misc":{"Dur\u00e9e de lecture estim\u00e9e":"2 minutes"},"schema":{"@context":"https:\/\/schema.org","@graph":[{"@type":"WebPage","@id":"https:\/\/jacquelineoyex.ch\/catalogue\/","url":"https:\/\/jacquelineoyex.ch\/catalogue\/","name":"- Jacqueline Oyex - catalogue peintures","isPartOf":{"@id":"https:\/\/jacquelineoyex.ch\/catalogue\/#website"},"primaryImageOfPage":{"@id":"https:\/\/jacquelineoyex.ch\/catalogue\/#primaryimage"},"image":{"@id":"https:\/\/jacquelineoyex.ch\/catalogue\/#primaryimage"},"thumbnailUrl":"https:\/\/jacquelineoyex.ch\/catalogue\/wp-content\/uploads\/2023\/03\/DSC01750.jpg","datePublished":"2023-03-13T12:21:57+00:00","dateModified":"2023-11-06T15:29:35+00:00","breadcrumb":{"@id":"https:\/\/jacquelineoyex.ch\/catalogue\/#breadcrumb"},"inLanguage":"fr-FR","potentialAction":[{"@type":"ReadAction","target":["https:\/\/jacquelineoyex.ch\/catalogue\/"]}]},{"@type":"ImageObject","inLanguage":"fr-FR","@id":"https:\/\/jacquelineoyex.ch\/catalogue\/#primaryimage","url":"https:\/\/jacquelineoyex.ch\/catalogue\/wp-content\/uploads\/2023\/03\/DSC01750.jpg","contentUrl":"https:\/\/jacquelineoyex.ch\/catalogue\/wp-content\/uploads\/2023\/03\/DSC01750.jpg","width":2200,"height":2549,"caption":"371 verso: Buste de femme aux seins nus, 1968, eau-forte, 33,5x30,9cm, morsure posthume"},{"@type":"BreadcrumbList","@id":"https:\/\/jacquelineoyex.ch\/catalogue\/#breadcrumb","itemListElement":[{"@type":"ListItem","position":1,"name":"Accueil","item":"https:\/\/jacquelineoyex.ch\/catalogue\/"},{"@type":"ListItem","position":2,"name":"Sans titre"}]},{"@type":"WebSite","@id":"https:\/\/jacquelineoyex.ch\/catalogue\/#website","url":"https:\/\/jacquelineoyex.ch\/catalogue\/","name":"Jacqueline Oyex - catalogue peintures","description":"Catalogue des peintures","potentialAction":[{"@type":"SearchAction","target":{"@type":"EntryPoint","urlTemplate":"https:\/\/jacquelineoyex.ch\/catalogue\/?s={search_term_string}"},"query-input":{"@type":"PropertyValueSpecification","valueRequired":true,"valueName":"search_term_string"}}],"inLanguage":"fr-FR"}]}},"_links":{"self":[{"href":"https:\/\/jacquelineoyex.ch\/catalogue\/index.php\/wp-json\/wp\/v2\/pages\/109","targetHints":{"allow":["GET"]}}],"collection":[{"href":"https:\/\/jacquelineoyex.ch\/catalogue\/index.php\/wp-json\/wp\/v2\/pages"}],"about":[{"href":"https:\/\/jacquelineoyex.ch\/catalogue\/index.php\/wp-json\/wp\/v2\/types\/page"}],"author":[{"embeddable":true,"href":"https:\/\/jacquelineoyex.ch\/catalogue\/index.php\/wp-json\/wp\/v2\/users\/1"}],"replies":[{"embeddable":true,"href":"https:\/\/jacquelineoyex.ch\/catalogue\/index.php\/wp-json\/wp\/v2\/comments?post=109"}],"version-history":[{"count":15,"href":"https:\/\/jacquelineoyex.ch\/catalogue\/index.php\/wp-json\/wp\/v2\/pages\/109\/revisions"}],"predecessor-version":[{"id":948,"href":"https:\/\/jacquelineoyex.ch\/catalogue\/index.php\/wp-json\/wp\/v2\/pages\/109\/revisions\/948"}],"wp:attachment":[{"href":"https:\/\/jacquelineoyex.ch\/catalogue\/index.php\/wp-json\/wp\/v2\/media?parent=109"}],"curies":[{"name":"wp","href":"https:\/\/api.w.org\/{rel}","templated":true}]}}

<p class="wp-block-paragraph"> </p>



<div class="wp-block-group is-style-default"><div class="wp-block-group__inner-container is-layout-constrained wp-block-group-is-layout-constrained">
<p class="has-text-align-center wp-block-paragraph">De la Fondation Jacqueline Oyex à Lausanne</p>



<p class="has-text-align-center wp-block-paragraph">réalisé en 2009 par Michel Thévoz</p>



<p class="has-text-align-center has-large-font-size wp-block-paragraph"><strong>Avertissement</strong> </p>
</div></div>



<p class="has-text-align-left wp-block-paragraph"><strong>Recensement</strong> :  Les peintures ici recensées appartiennent à la Fondation Jacqueline Oyex. Il s&rsquo;agit de la totalité des peintures antérieures à 1982. Quant aux oeuvres postérieures, qui sont au nombre de 150 environ, elles sont exécutées au crayon ou au stylobille sur la toile, et ressortissent au dessin plutôt qu&rsquo;à la peinture. Pour ces raisons, elles n&rsquo;ont pas été recensées, sauf une vingtaine, jugées significatives de cet évanouissement figuratif. </p>



<p class="has-text-align-left wp-block-paragraph"><strong>Titres </strong>: l&rsquo;artiste n&rsquo;a que très exceptionnellement donné des titres à ses œuvres, le cas échéant, ils sont données entre guillemets. Pour toutes les autres toiles, on a attribué des titres de caractère descriptif.</p>



<p class="wp-block-paragraph"><strong>Datation :</strong> les œuvres ont été classées dans l&rsquo;ordre chronologique. Beaucoup avaient été datées par l&rsquo;artiste. Les autres ont été datées par comparaison stylistique, iconographique ou technique, et sont précédées de la préposition « vers&#8230; », soit une fourchette de deux ou trois ans.</p>



<p class="wp-block-paragraph"><strong>Numérotation : </strong>le présent catalogue, qui se limite aux 286 œuvres qui appartiennent à la Fondation, n&rsquo;est pas numéroté. Une numérotation ne sera attribuée qu&rsquo;après l&rsquo;intégration des peintures, en nombre restreint, appartenant à des musées ou à des personnes privées.</p>



<p class="has-text-align-center wp-block-paragraph"><img loading="lazy" decoding="async" width="350" height="406" class="wp-image-34" style="width: 350px;" src="https://jacquelineoyex.ch/catalogue/wp-content/uploads/2023/03/DSC01750.jpg" alt="" srcset="https://jacquelineoyex.ch/catalogue/wp-content/uploads/2023/03/DSC01750.jpg 2200w, https://jacquelineoyex.ch/catalogue/wp-content/uploads/2023/03/DSC01750-600x695.jpg 600w" sizes="auto, (max-width: 350px) 100vw, 350px" /></p>

<p>De la Fondation Jacqueline Oyex à Lausanne réalisé en 2009 par Michel Thévoz Avertissement Recensement : Les peintures ici recensées appartiennent à la Fondation Jacqueline Oyex. Il s&rsquo;agit de la totalité des peintures antérieures à 1982. Quant aux oeuvres postérieures, qui sont au nombre de 150 environ, elles sont exécutées au crayon ou au stylobille&hellip; <a class="more-link" href="https://jacquelineoyex.ch/catalogue/">Poursuivre la lecture <span class="screen-reader-text">Sans titre</span></a></p>

<!-- This site is optimized with the Yoast SEO plugin v28.2 - https://yoast.com/product/yoast-seo-wordpress/ -->
<title>- Jacqueline Oyex - catalogue peintures</title>
<meta name="robots" content="noindex, follow, max-snippet:-1, max-image-preview:large, max-video-preview:-1" />
<meta property="og:locale" content="fr_FR" />
<meta property="og:type" content="article" />
<meta property="og:title" content="- Jacqueline Oyex - catalogue peintures" />
<meta property="og:description" content="De la Fondation Jacqueline Oyex à Lausanne réalisé en 2009 par Michel Thévoz Avertissement Recensement : Les peintures ici recensées appartiennent à la Fondation Jacqueline Oyex. Il s&rsquo;agit de la totalité des peintures antérieures à 1982. Quant aux oeuvres postérieures, qui sont au nombre de 150 environ, elles sont exécutées au crayon ou au stylobille&hellip; Poursuivre la lecture Sans titre" />
<meta property="og:url" content="https://jacquelineoyex.ch/catalogue/" />
<meta property="og:site_name" content="Jacqueline Oyex - catalogue peintures" />
<meta property="article:modified_time" content="2023-11-06T15:29:35+00:00" />
<meta property="og:image" content="https://jacquelineoyex.ch/catalogue/wp-content/uploads/2023/03/DSC01750.jpg" />
<meta name="twitter:card" content="summary_large_image" />
<meta name="twitter:label1" content="Durée de lecture estimée" />
	<meta name="twitter:data1" content="2 minutes" />
<script type="application/ld+json" class="yoast-schema-graph">{"@context":"https:\/\/schema.org","@graph":[{"@type":"WebPage","@id":"https:\/\/jacquelineoyex.ch\/catalogue\/","url":"https:\/\/jacquelineoyex.ch\/catalogue\/","name":"- Jacqueline Oyex - catalogue peintures","isPartOf":{"@id":"https:\/\/jacquelineoyex.ch\/catalogue\/#website"},"primaryImageOfPage":{"@id":"https:\/\/jacquelineoyex.ch\/catalogue\/#primaryimage"},"image":{"@id":"https:\/\/jacquelineoyex.ch\/catalogue\/#primaryimage"},"thumbnailUrl":"https:\/\/jacquelineoyex.ch\/catalogue\/wp-content\/uploads\/2023\/03\/DSC01750.jpg","datePublished":"2023-03-13T12:21:57+00:00","dateModified":"2023-11-06T15:29:35+00:00","breadcrumb":{"@id":"https:\/\/jacquelineoyex.ch\/catalogue\/#breadcrumb"},"inLanguage":"fr-FR","potentialAction":[{"@type":"ReadAction","target":["https:\/\/jacquelineoyex.ch\/catalogue\/"]}]},{"@type":"ImageObject","inLanguage":"fr-FR","@id":"https:\/\/jacquelineoyex.ch\/catalogue\/#primaryimage","url":"https:\/\/jacquelineoyex.ch\/catalogue\/wp-content\/uploads\/2023\/03\/DSC01750.jpg","contentUrl":"https:\/\/jacquelineoyex.ch\/catalogue\/wp-content\/uploads\/2023\/03\/DSC01750.jpg","width":2200,"height":2549,"caption":"371 verso: Buste de femme aux seins nus, 1968, eau-forte, 33,5x30,9cm, morsure posthume"},{"@type":"BreadcrumbList","@id":"https:\/\/jacquelineoyex.ch\/catalogue\/#breadcrumb","itemListElement":[{"@type":"ListItem","position":1,"name":"Accueil","item":"https:\/\/jacquelineoyex.ch\/catalogue\/"},{"@type":"ListItem","position":2,"name":"Sans titre"}]},{"@type":"WebSite","@id":"https:\/\/jacquelineoyex.ch\/catalogue\/#website","url":"https:\/\/jacquelineoyex.ch\/catalogue\/","name":"Jacqueline Oyex - catalogue peintures","description":"Catalogue des peintures","potentialAction":[{"@type":"SearchAction","target":{"@type":"EntryPoint","urlTemplate":"https:\/\/jacquelineoyex.ch\/catalogue\/?s={search_term_string}"},"query-input":{"@type":"PropertyValueSpecification","valueRequired":true,"valueName":"search_term_string"}}],"inLanguage":"fr-FR"}]}</script>
<!-- / Yoast SEO plugin. -->

De la Fondation Jacqueline Oyex à Lausanne réalisé en 2009 par Michel Thévoz Avertissement Recensement : Les peintures ici recensées appartiennent à la Fondation Jacqueline Oyex. Il s&rsquo;agit de la totalité des peintures antérieures à 1982. Quant aux oeuvres postérieures, qui sont au nombre de 150 environ, elles sont exécutées au crayon ou au stylobille&hellip; Poursuivre la lecture Sans titre
